 q. What are the prime factors of a?
2, 3, 5
Let i = 88 + -40. List the prime factors of i.
2, 3
Let t(q) = -10*q**2 - 16*q - 31. Let m(k) = 2*k**2 + 3*k + 6. Let h(u) = 11*m(u) + 2*t(u). Let s = -15 + 12. List the prime factors of h(s).
19
Suppose 23*j = 24*j - 30. What are the prime factors of j?
2, 3, 5
Suppose a + 5*b - 179 = 0, 5*b + 412 = 5*a - 513. List the prime factors of a.
2, 23
Let x(v) = -v**3 - v**2 + v. Let r be x(0). Let b be 0/7 - (r - 0). Suppose b = -4*i + 69 - 25. What are the prime factors of i?
11
Let t(l) = 4*l - 14. List the prime factors of t(4).
2
Let k(f) = -f**3 - f + 6. What are the prime factors of k(0)?
2, 3
Let d(x) = x**3 + 15*x**2 + 12*x + 17. What are the prime factors of d(-14)?
3, 5
Let i(r) = -r**3 + 14*r**2 + 3. List the prime factors of i(14).
3
Suppose 2*s = 7*s - 75. Let p = 41 - s. List the prime factors of p.
2, 13
Let q(z) = z**2 + 10*z - 21. Let u be q(-16). Let y = 124 - u. List the prime factors of y.
7
Let r be (-3 - -2) + 2 + 9. Let s(d) = -d**2 + 12*d - 10. What are the prime factors of s(r)?
2, 5
Let d(n) = -n**3 + n**2 + 2. Let t be d(0). Suppose -s - 1 = 3*x, 3*s - 5 - t = -4*x. Let z = 9 - x. List the prime factors of z.
11
Let t(r) = -r**3 - 8*r**2 - 8*r + 3. List the prime factors of t(-7).
2, 5
Suppose -2*x - 11*y + 290 = -10*y, -2*x - 2*y + 290 = 0. What are the prime factors of x?
5, 29
Let u = -5 + 9. Let j(t) be the second derivative of 2*t**3/3 - 3*t**2 + 3*t. List the prime factors of j(u).
2, 5
Let n = 11 + -8. Suppose 5*m + 31 = 3*a, a + n*a + 5*m = -17. Suppose -k = -4*t - 28, a*k + 3*t - 74 = -2*k. List the prime factors of k.
2, 5
Let x = 6 - 3. Suppose -x*h = h - 20. Suppose q - h*q = -60. What are the prime factors of q?
3, 5
Let m(w) = -4*w - 4. Let f(s) = 3*s + 3. Let y(i) = -3*f(i) - 2*m(i). What are the prime factors of y(-9)?
2
Let j(o) = -o - 4. Let d = 59 + -41. Suppose -w = 2*w + d. List the prime factors of j(w).
2
List the prime factors of 39*-5*(-10)/25.
2, 3, 13
Let j(f) = 4*f**2 + 14*f + 9. What are the prime factors of j(7)?
3, 101
What are the prime factors of 194/10 + (-14)/35?
19
List the prime factors of 6/(4/(-108)*-6).
3
List the prime factors of 0 - 7/((-28)/228).
3, 19
Let j(x) = -2*x. Let z be j(-3). Suppose 102 = 3*q - z. Suppose 0*a - q = -4*a. What are the prime factors of a?
3
Let t = 11 - 8. Let q be 24/4 - (-1 + t). Let l = 2 + q. List the prime factors of l.
2, 3
Suppose -4*i - l + 496 = 0, 5*i - 620 = -0*l - 3*l. What are the prime factors of i?
2, 31
Let j(x) = 6*x + 11. List the prime factors of j(7).
53
Suppose -4*i + 42 + 42 = 0. Suppose -4*q + 23 = -i. What are the prime factors of q?
11
Let f(c) = c**3 + 6*c**2 + 3*c + 1. Suppose -3*q = -q + 4. What are the prime factors of f(q)?
11
Suppose -4*u = -15 - 1. Suppose -z + u*z + 9 = 5*b, -2*z - 3*b = -13. Suppose 2*n + z*n = 32. What are the prime factors of n?
2
Suppose -10*n - 13 + 123 = 0. What are the prime factors of n?
11
Let v = 17 + 3. List the prime factors of v.
2, 5
Let v(w) = 2*w + 3. Let d be v(-2). Let p(f) = 14*f**3 - f**2 - 2*f. Let z(c) = -14*c**3 + c. Let i(m) = 2*p(m) + 3*z(m). What are the prime factors of i(d)?
13
List the prime factors of (-2)/15 - 274/(-30).
3
Suppose 28 + 35 = 3*s. List the prime factors of s.
3, 7
Suppose 2 = -t - 4*y - 16, -4*y + 18 = -t. Let n be 4/(-18) + (-130)/t. Let h(o) = -o + 10. What are the prime factors of h(n)?
3
Suppose -7*f = 201 - 1636. What are the prime factors of f?
5, 41
Suppose -x - 296 = -2*l, -3*l - x + 426 = 2*x. What are the prime factors of l?
2, 73
Suppose -3*o + 37 + 47 = 0. Suppose 0*u + o = u. List the prime factors of u.
2, 7
Suppose 4*g = 3*o + 42, -2*g = -4*g - 4*o + 32. Let d = g - 4. List the prime factors of d.
2
Let x be 4/18 - (-16)/9. Let k = 0 + x. List the prime factors of k.
2
Let m = -16 - -54. List the prime factors of m.
2, 19
Suppose p - 57 = 143. List the prime factors of p.
2, 5
Suppose -2*g = -3 + 1. Let f be (-4)/4 - (g + 0). What are the prime factors of 20/6*(-3)/f?
5
Let f be ((-1)/(-2))/((-1)/2). List the prime factors of (5*(-3)/3)/f.
5
Suppose -2*q = -5*z + 584, z + 4*q - 108 = -0*z. What are the prime factors of z?
2, 29
Let y be (-1)/(-1) - (-5 + -4). Suppose y*g - 5*g = 10. List the prime factors of (-2)/((-2)/10*g).
5
Let z(h) = h**3 + 12*h**2 - 10*h - 22. List the prime factors of z(-12).
2, 7
Suppose -4*m = 3*o + 7, -4*o - 17 = -3*o + 5*m. Let c = o - 0. Suppose -3*y + 27 = 3*x, -2*y + c*y - 4*x - 19 = 0. What are the prime factors of y?
11
Let g(z) = 6*z**2 - 2*z - 1. Let b(v) = 2*v. Let k be b(6). Suppose -3*n - s - 3 = 3, -3*n = -5*s - k. List the prime factors of g(n).
7
Suppose -3*f - 2*i - 24 = 0, -f + i - 8 = -0*f. Let l = f + 12. Suppose -3*h = -l*h + o + 9, 4*o + 44 = 5*h. List the prime factors of h.
2
Suppose -70 = 5*y - 10. List the prime factors of 103/4 - 3/y.
2, 13
Let d(k) be the second derivative of -k + 3/2*k**2 + 0 - 1/3*k**3. List the prime factors of d(-3).
3
Let x = -180 + 219. List the prime factors of x.
3, 13
Let z(f) = -4*f**3 + 3*f + 2. List the prime factors of z(-1).
3
Suppose z + 16 = 4*k + k, 12 = 4*k - z. Let a = 9 - 5. Suppose -a = -k*i + 8. What are the prime factors of i?
3
Let w(j) = 14*j**3 - 2*j**2 + 2*j - 1. Let h be w(1). Suppose 5*a - 22 = 4*i, 0 = -4*i + 3*a - 0*a - 26. Let d = i + h. List the prime factors of d.
5
Suppose 165 = 4*h - 3*u, 117 + 69 = 5*h + 3*u. Suppose -4*i + c - h = 0, -4*i - i - 51 = c. Let f(l) = l**3 + 9*l**2 - 12*l - 5. List the prime factors of f(i).
3, 5
Suppose 0 = -4*a - 2 - 2, 2*a = -3*t + 13. Let w = -1 + 5. Suppose -w*f + 53 = t. What are the prime factors of f?
2, 3
List the prime factors of (253/(-22))/((-2)/24).
2, 3, 23
Let p(d) = 3*d - 9. Let h(s) = -s + 2. Let f(v) = 9*h(v) + 2*p(v). List the prime factors of f(-7).
3, 7
Let c = 535 - 349. What are the prime factors of c/12 - 2/4?
3, 5
Let g = -19 - -4. Let h = g - -20. List the prime factors of h.
5
Let q be (0 + -2)/((-2)/(-21)). List the prime factors of -105*(2 + q/9).
5, 7
Suppose 0 = -3*v + 4 + 8. Suppose -v*d + 6*d = 22. List the prime factors of d.
11
Suppose 0*c = -2*c + 84. What are the prime factors of c?
2, 3, 7
Let w(y) = 2*y + 1. Let t be w(-3). Let s(v) = 1 + v - 4*v + v**2 + 6*v. What are the prime factors of s(t)?
11
Suppose 4*d = -2*d + 24. Suppose 0 = -d*k + 66 + 150. What are the prime factors of k?
2, 3
Let w(i) = -6*i. Let b be w(2). Let g be b/3*51/(-4). Suppose 4*r + 5*o - g = 0, -5*r - 27 = o - 75. List the prime factors of r.
3
Let f = -5 + 7. Suppose -k - 18 = -f*k. List the prime factors of k.
2, 3
Suppose 2*t - 92 - 24 = 0. What are the prime factors of t?
2, 29
Suppose v - b + 24 = 259, -2*b - 703 = -3*v. What are the prime factors of v?
233
Let c = -2 + 5. Suppose 2*a + 3*r = -c*a + 4, 5*r + 6 = -2*a. Suppose 14 - 2 = a*t. What are the prime factors of t?
2, 3
List the prime factors of 46 + (-4 + 2 - -2).
2, 23
Let b(y) = 5*y. Let o be b(2). Let m be (o - 1)*(-20)/(-6). Suppose m = 4*u + w - 15, 5*u - 57 = -2*w. What are the prime factors of u?
11
Let c(n) = n**2 - 4*n - 3. Let p(t) = t**2 + 4*t + 6. Let j(x) = -2*x + 4. Let s be j(4). Let u be p(s). List the prime factors of c(u).
3
Let l = 16 - 22. List the prime factors of (-7)/((-9)/l - 2).
2, 7
Let r(u) = -2*u**2 + 3*u - 1. Let q be r(2). Let x(f) = f**3 + 2*f**2 - f + 2. Let w be x(q). Let a(n) = -3*n - 2. What are the prime factors of a(w)?
2, 5
Suppose 5*v + 1 = 11. List the prime factors of v.
2
Let i(g) = 8*g - 3. List the prime factors of i(3).
3, 7
Let a = 28 - 25. What are the prime factors of a?
3
Suppose -q + 268 = 3*p, -4*p + 458 = p - 4*q. List the prime factors of 7/(21/p) - -1.
31
Let q be (-22)/99 + (-340)/9. Let g = -17 - q. What are the prime factors of g?
3, 7
Let u = -9 - -21. What are the prime factors of u?
2, 3
Suppose -g = 5 - 6. Let r(j) = 17*j**3 + j**2 + j - 1. List the prime factors of r(g).
2, 3
Suppose m + 39 = 4*m. What are the prime factors of 3 + (-2)/((-2)/m)?
2
Let f = -3 + 3. Let m be 8/4 + 0 + f. Suppose -m = -2*v + 20. List the prime factors of v.
11
Let w = -7 + 13. Let n(f) = 7*f - 8. Let y be n(w). Suppose 3*c + v - 32 = -v, v = -3*c + y. List the prime factors of c.
2, 3
Let v = 1 - 9. Suppose -5*o - 3*m = 10, -25 + 0 = -5*m. Let a = 